51?
False
Is 14 a factor of 1333780?
True
Is 243 a factor of 72394?
False
Is 47 a factor of 130972?
False
Does 21 divide 1232196?
True
Does 11 divide 16467?
True
Is 262553 a multiple of 18?
False
Is 500940 a multiple of 9?
True
Is 473328 a multiple of 74?
False
Is 363748 a multiple of 22?
True
Is 237006 a multiple of 99?
True
Does 3 divide 3545175?
True
Is 15 a factor of 174045?
True
Does 68 divide 102544?
True
Is 2544190 a multiple of 22?
True
Is 142 a factor of 502329?
False
Is 521634 a multiple of 15?
False
Does 21 divide 1069725?
False
Is 206 a factor of 614102?
False
Is 493 a factor of 231467?
False
Is 55 a factor of 75020?
True
Is 275 a factor of 604049?
False
Does 121 divide 1059294?
False
Is 46 a factor of 380650?
True
Is 153 a factor of 2595136?
False
Does 194 divide 3776404?
True
Is 5424478 a multiple of 12?
False
Is 64 a factor of 12907368?
False
Is 6628530 a multiple of 401?
True
Does 257 divide 3718204?
False
Does 292 divide 30368?
True
Is 357157 a multiple of 5?
False
Is 4 a factor of 81395?
False
Is 13 a factor of 22374221?
False
Does 72 divide 130250?
False
Is 268012 a multiple of 8?
False
Is 678523 a multiple of 317?
False
Is 419 a factor of 16585696?
True
Is 1025379 a multiple of 27?
True
Is 90 a factor of 65700?
True
Is 103279 a multiple of 16?
False
Is 14 a factor of 37172?
False
Is 49644 a multiple of 7?
True
Does 22 divide 127525?
False
Does 1376 divide 951238?
False
Is 1346982 a multiple of 42?
True
Is 65 a factor of 357045?
True
Is 46 a factor of 97106?
True
Is 67315 a multiple of 13?
False
Is 30144805 a multiple of 610?
False
Is 152564 a multiple of 24?
False
Is 164116 a multiple of 3?
False
Is 5 a factor of 4663228?
False
Does 147 divide 197667?
False
Is 8658595 a multiple of 60?
False
Is 45 a factor of 95490?
True
Does 28 divide 35388?
False
Does 3 divide 10157?
False
Is 263820 a multiple of 273?
False
Is 520 a factor of 424523?
False
Is 2920971 a multiple of 29?
False
Does 218 divide 648320?
False
Does 33 divide 484143?
True
Is 182088 a multiple of 24?
True
Does 50 divide 146034?
False
Is 42 a factor of 1068222?
False
Is 32760 a multiple of 260?
True
Does 48 divide 137184?
True
Is 596658 a multiple of 45?
False
Does 788 divide 582332?
True
Does 168 divide 745815?
False
Is 72843 even?
False
Does 99 divide 67233?
False
Is 301825 a multiple of 337?
False
Is 106 a factor of 883086?
True
Is 214 a factor of 94160?
True
Is 2769826 a multiple of 292?
False
Is 121 a factor of 69387?
False
Does 81 divide 638543?
False
Does 17 divide 1291337?
True
Is 198405 a multiple of 15?
True
Does 31 divide 27869868?
True
Is 311 a factor of 1941713?
False
Does 296 divide 226251?
False
Does 33 divide 10978671?
True
Is 148400 a multiple of 25?
True
Is 81719 a multiple of 19?
True
Is 22489 a multiple of 5?
False
Is 89 a factor of 96120?
True
Does 45 divide 1516680?
True
Does 24 divide 155928?
True
Is 131060 a multiple of 130?
False
Does 3 divide 216782?
False
Does 24 divide 6822590?
False
Is 9 a factor of 340915?
False
Is 66352 a multiple of 29?
True
Is 9 a factor of 439182?
True
Does 118 divide 1296230?
True
Is 4529275 a multiple of 575?
True
Does 89 divide 351578?
False
Does 5 divide 413363?
False
Does 83 divide 6470431?
True
Is 76 a factor of 269736?
False
Does 16 divide 11228178?
False
Is 7 a factor of 379840?
False
Is 135 a factor of 1182060?
True
Does 11 divide 255937?
True
Is 118 a factor of 1997858?
True
Is 167 a factor of 30449173?
False
Is 81 a factor of 291519?
True
Does 55 divide 400840?
True
Is 97830 a multiple of 90?
True
Does 21 divide 6659982?
True
Is 52068 a multiple of 758?
False
Is 1404552 a multiple of 24?
True
Does 13 divide 810745?
True
Is 8 a factor of 182116?
False
Does 16 divide 1271144?
False
Is 186582 a multiple of 242?
True
Is 12 a factor of 3002531?
False
Does 12 divide 64116?
True
Is 10612854 a multiple of 63?
True
Is 60522 a multiple of 48?
False
Does 10 divide 2329709?
False
Does 89 divide 368905?
True
Is 13 a factor of 89869?
True
Does 477 divide 107177?
False
Is 7646854 even?
True
Does 864 divide 9635328?
True
Does 22 divide 14212?
True
Does 14 divide 5003028?
False
Does 48 divide 367488?
True
Is 829722 a multiple of 9?
False
Is 667100 a multiple of 147?
False
Does 3 divide 15540?
True
Is 11672 a multiple of 3?
False
Is 96 a factor of 3874368?
True
Does 326 divide 281105?
False
Is 2820 a factor of 18792181?
False
Is 279363 a multiple of 11?
False
Is 5 a factor of 28727?
False
Does 18 divide 3719250?
True
Does 75 divide 167737?
False
Is 497328 a multiple of 312?
True
Does 36 divide 17857431?
False
Does 239 divide 767190?
True
Is 738 a factor of 997203?
False
Is 209 a factor of 662171?
False
Does 204 divide 628114?
False
Is 42 a factor of 265286?
False
Does 28 divide 61180?
True
Does 255 divide 427125?
True
Is 1260 a multiple of 70?
True
Does 12 divide 23986?
False
Is 65923 a multiple of 74?
False
Is 187651 a multiple of 4?
False
Does 66 divide 9621480?
True
Is 21789154 a multiple of 1352?
False
Is 126 a factor of 2017927?
False
Is 93310 a multiple of 4?
False
Is 2 a factor of 342372?
True
Is 29748 a multiple of 6?
True
Is 43711 a multiple of 3?
False
Is 32 a factor of 7955264?
True
Is 132 a factor of 261097?
False
Is 13 a factor of 3621881?
False
Is 13 a factor of 1150422?
True
Is 53 a factor of 47993?
False
Does 238 divide 105196?
True
Is 897 a factor of 1179555?
True
Is 8 a factor of 25853513?
False
Is 198592 a multiple of 214?
True
Does 26 divide 3810023?
False
Is 14679 a multiple of 21?
True
Does 542 divide 2788453?
False
Does 548 divide 3911389?
False
Does 8 divide 30984?
True
Is 72806 a multiple of 39?
False
Does 575 divide 6524912?
False
Is 123220 a multiple of 2?
True
Is 497118 a multiple of 27?
False
Does 203 divide 514075?
False
Is 59568 a multiple of 73?
True
Is 1372 a factor of 4548180?
True
Is 89 a factor of 2981953?
False
Is 462867 a multiple of 831?
True
Is 10 a factor of 96750?
True
Does 83 divide 174537?
False
Does 26 divide 984894?
False
Is 2573120 a multiple of 11?
True
Is 93 a factor of 2415954?
True
Is 4 a factor of 3408?
True
Does 51 divide 1823690?
False
Is 96 a factor of 2350752?
True
Is 9631698 a multiple of 61?
False
Does 33 divide 1994982?
True
Is 12510 a multiple of 7?
False
Is 51173 a multiple of 6?
False
Is 10003 a multiple of 13?
False
Is 406 a factor of 160626?
False
Is 33 a factor of 21209001?
True
Does 98 divide 41563?
False
Is 110972 a multiple of 7?
False
Is 14 a factor of 534252?
False
Is 847 a factor of 1411949?
True
Is 37 a factor of 3798847?
False
Does 32 divide 1027606?
False
Is 10 a factor of 411215?
False
Is 5 a factor of 276765?
True
Is 21 a factor of 4419870?
True
Is 1771975 a multiple of 75?
False
Does 33 divide 6000753?
True
Is 114374 a multiple of 3?
False
Is 31556 a multiple of 14?
True
Is 34550 a multiple of 9?
False
Does 725 divide 6492928?
False
Is 913393 a multiple of 409?
False
Is 237168 a multiple of 26?
False
Does 105 divide 181755?
True
Does 8 divide 317332?
False
Is 28107 a multiple of 81?
True
Does 276 divide 1089372?
True
Does 34 divide 9290398?
True
Is 866630 a multiple of 31?
False
Is 42 a factor of 9937662?
True
Is 326536 a multiple of 17?
True
Is 86 a factor of 538997?
False
Is 261 a factor of 8277354?
True
Does 99 divide 43659?
True
Is 8 a factor of 7322875?
False
Does 21 divide 407060?
False
Is 56 a factor of 632778?
False
Does 325 divide 4561806?
False
Is 6 a factor of 478287?
False
Does 25 divide 12785639?
False
Is 436 a factor of 1737896?
True
Does 511 divide 4861143?
True
Is 10602 a multiple of 9?
True
Is 16 a factor of 1641264?
True
Is 509985 a multiple of 27?
False
Does 62 divide 107384?
True
Does 27 divide 145449?
True
Does 205 divide 41820?
True
Is 5 a factor of 54830?
True
Does 10 divide 317947?
False
Is 21 a factor of 177744?
True
Is 288 a factor of 15886080?
True
Is 27 a factor of 576953?
False
Is 42 a factor of 25422?
False
Is 914392 a multiple of 893?
False
Is 29 a factor of 4426490?
False
Is 21 a factor of 4877181?
False
Is 42 a factor of 529995?
False
Is 304 a factor of 6328474?
False
Is 30350526 a multiple of 482?
False
Is 668 a factor of 405729?
False
Is 11 a factor of 2689461?
False
Is 1585580 a multiple of 111?
False
Does 31 divide 386831?
False
Is 44 a factor of 521202?
False
Does 39 divide 17682561?
True
Does 31 divide 